to base 4.
-32133
Convert -4b3 (base 12) to base 2.
-1011000111
What is 301 (base 15) in base 4?
22210
Convert 1062 (base 16) to base 4.
1001202
Convert -6334 (base 7) to base 12.
-135a
-4253 (base 6) to base 5
-12334
298 (base 12) to base 13
251
What is -1336 (base 8) in base 13?
-446
Convert 5181 (base 12) to base 4.
2022301
What is 3110 (base 5) in base 14?
20d
What is -1320122 (base 4) in base 5?
-221311
Convert -32521 (base 6) to base 7.
-16105
Convert -23030 (base 4) to base 15.
-32b
-1112002012 (base 3) to base 8
-72374
What is 1211222 (base 3) in base 6?
10125
Convert -725 (base 8) to base 7.
-1240
What is -713 (base 9) in base 14?
-2d5
What is 83ca (base 14) in base 13?
a457
Convert 4825 (base 9) to base 15.
10e2
Convert -160e (base 16) to base 12.
-3326
What is 16 (base 9) in base 16?
f
What is 48 (base 12) in base 3?
2002
102 (base 13) to base 15
b6
Convert 27343 (base 10) to base 6.
330331
What is -2210122 (base 3) in base 16?
-7fa
What is 1220330 (base 4) in base 16?
1a3c
-59e (base 16) to base 8
-2636
14870 (base 10) to base 3
202101202
Convert -b4d (base 15) to base 3.
-10111101
What is 1430334 (base 5) in base 14?
ad78
-55 (base 7) to base 14
-2c
Convert 11011100100111 (base 2) to base 11.
a676
What is 1001110100 (base 2) in base 9?
767
-1425 (base 8) to base 9
-1066
What is 1841 (base 12) in base 15?
d04
Convert 10010001111 (base 2) to base 12.
813
Convert -9aa (base 13) to base 9.
-2245
What is 12010132 (base 4) in base 16?
611e
3e09 (base 15) to base 3
200020000
5141 (base 7) to base 15
7e8
451 (base 6) to base 12
127
Convert 2451 (base 8) to base 14.
6a5
Convert -3155 (base 6) to base 4.
-23033
What is -1476 (base 9) in base 3?
-1112120
Convert 101010001001111 (base 2) to base 3.
1002121101
10d (base 14) to base 4
3101
Convert 651 (base 16) to base 8.
3121
-3818 (base 11) to base 10
-4980
-10134 (base 5) to base 12
-479
3dd (base 16) to base 15
45e
What is 32d (base 15) in base 6?
3154
432 (base 6) to base 8
244
Convert -125113 (base 7) to base 16.
-5b57
Convert 11110010 (base 2) to base 4.
3302
Convert -684 (base 13) to base 7.
-3162
Convert -10111000 (base 3) to base 6.
-15430
What is 203 (base 12) in base 7?
564
Convert -2120210121 (base 3) to base 5.
-3112014
a05 (base 12) to base 8
2645
Convert 6437 (base 16) to base 5.
1310110
Convert 1545 (base 6) to base 14.
225
Convert 1100111010001 (base 2) to base 13.
3015
What is -15652 (base 7) in base 13?
-2041
100110000000 (base 2) to base 8
4600
Convert -153c (base 13) to base 9.
-4216
885 (base 12) to base 5
20003
1402 (base 7) to base 2
1000011101
Convert -6455 (base 7) to base 8.
-4366
What is 1204320 (base 5) in base 13?
a2b9
Convert 11132 (base 4) to base 11.
299
-1a1 (base 13) to base 4
-10230
What is 102022 (base 3) in base 14?
17b
What is -3031 (base 7) in base 11?
-876
-bf7b (base 16) to base 3
-2111020112
66212 (base 7) to base 9
24652
-10020021 (base 4) to base 8
-41011
10 (base 7) to base 4
13
1213121 (base 4) to base 10
6617
Convert 2751a (base 11) to base 7.
222234
What is -8420 (base 12) in base 7?
-60024
3040 (base 5) to base 10
395
What is 580 (base 10) in base 2?
1001000100
Convert -111254 (base 6) to base 10.
-9394
-414010 (base 5) to base 8
-32476
55 (base 11) to base 13
48
Convert c61c (base 13) to base 15.
81bd
231132 (base 4) to base 5
43120
1c82 (base 14) to base 9
7128
What is 14158 (base 9) in base 8?
22613
Convert -12506 (base 7) to base 14.
-1306
Convert 4826 (base 11) to base 5.
200240
What is -2100122020 (base 3) in base 13?
-18168
What is -275 (base 11) in base 4?
-11010
Convert -6202 (base 16) to base 14.
-9202
Convert 1110101 (base 2) to base 8.
165
Convert 793a (base 14) to base 15.
6369
215533 (base 6) to base 15
5589
Convert 155 (base 12) to base 15.
de
-183 (base 9) to base 2
-10011100
Convert -12212 (base 4) to base 8.
-646
Convert -230aa (base 11) to base 5.
-2032040
Convert -1790a (base 13) to base 11.
-31188
-107 (base 9) to base 5
-323
What is -11110100 (base 2) in base 8?
-364
Convert -1061 (base 9) to base 4.
-30100
Convert -2102210 (base 4) to base 6.
-111232
What is -100323 (base 4) in base 11?
-8a5
Convert -17394 (base 11) to base 2.
-101111101101000
What is -1011101111111 (base 2) in base 13?
-2979
-13116 (base 7) to base 14
-13b6
-13211 (base 5) to base 15
-4a6
What is -1600 (base 15) in base 3?
-20111000
What is 33340 (base 12) in base 10?
67872
What is 10b (base 15) in base 2?
11101100
2289 (base 10) to base 7
6450
-111000001000001 (base 2) to base 16
-7041
161 (base 15) to base 13
1b4
Convert -3123123 (base 4) to base 5.
-422133
Convert 1112 (base 13) to base 10.
2381
-1693 (base 11) to base 15
-98e
Convert 884 (base 10) to base 2.
1101110100
What is 100011101 (base 2) in base 5?
2120
84 (base 9) to base 15
51
Convert -1001101010101000 (base 2) to base 12.
-1aab4
What is 21210122 (base 3) in base 8?
13067
-6a2 (base 14) to base 16
-526
Convert 236 (base 11) to base 16.
119
What is -2424 (base 7) in base 8?
-1604
Convert -102022 (base 3) to base 11.
-258
What is -783 (base 14) in base 9?
-2032
Convert -10014 (base 7) to base 11.
-18a3
-125534 (base 6) to base 9
-16874
Convert -b64 (base 16) to base 8.
-5544
2001 (base 7) to base 9
843
Convert 11011121 (base 3) to base 14.
1172
-254 (base 14) to base 11
-394
1159 (base 15) to base 6
25020
What is -18784 (base 9) in base 8?
-31354
3010 (base 7) to base 10
1036
What is -9b (base 12) in base 4?
-1313
What is -1063 (base 9) in base 15?
-376
153151 (base 6) to base 16
3a7b
Convert 522 (base 7) to base 15.
126
Convert -280 (base 9) to base 8.
-352
Convert 4304 (base 16) to base 12.
9b18
-43842 (base 10) to base 15
-cecc
What is 11100011110 (base 2) in base 9?
2444
What is 2010211 (base 3) in base 2?
11000011001
Convert -222b7 (base 13) to base 15.
-13589
-10001101001001 (base 2) to base 8
-21511
-1023030 (base 4) to base 13
-2262
Convert -79 (base 11) to base 9.
-105
Convert -188 (base 12) to base 15.
-118
What is 15a (base 14) in base 5?
2101
What is -14414 (base 5) in base 14?
-642
Convert -2a86 (base 11) to base 9.
-5386
1342 (base 6) to base 4
11132
2301321 (base 4) to base 13
524a
-100202 (base 3) to base 15
-128
Convert -1125052 (base 6) to base 10.
-58136
Convert 6099 (base 11) to base 7.
32412
1126 (base 7) to base 5
3122
What is -212 (base 16) in base 13?
-31a
What is -7a18 (base 13) in base 10?
-17090
Convert 10ab (base 14) to base 8.
5517
638 (base 10) to base 3
212122
2770 (base 10) to base 11
2099
Convert -3303101 (base 4) to base 3.
-210100122
-2013033 (base 4) to base 3
-102212120
Convert 20c (base 13) to base 9.
428
14e1 (base 16) to base 10
5345
-11000110111111 (base 2) to base 6
-134543
-111100011 (base 2) to base 6
-2123
Convert 4aa9 (base 12) to base 16.
2121
Convert 10100111000111 (base 2) to base 7.
43116
Convert 240410 (base 5) to base 16.
2297
Convert 486 (base 13) to base 10.
786
104 (base 14) to base 10
200
What is -31110 (base 4) in base 15?
-3bc
What is -11001221 (base 3) in base 16?
-b98
Convert -7cb (base 13) to base 10.
-1350
What is 2076 (base 12) in base 6?
24230
-480 (base 9) to base 16
-18c
What is -11010010010001 (base 2) in base 3?
-200110102
Convert 12365 (base 10) to base 3.
121221222
-347 (base 13) to base 8
-1066
Convert 1117 (base 8) to base 15.
296
Convert 363 (base 16) to base 2.
1101100011
-203113 (base 5) to base 13
-3052
What is -399 (base 12) in base 14?
-2b3
What is 5556 (base 10) in base 13?
26b5
Convert -282 (base 12) to base 15.
-1ab
a93 (base 12) to base 16
60f
Convert 2f0 (base 16) to base 12.
528
-44417 (base 8) to base 7
-105346
306 (base 15) to base 12
489
Convert 1214 (base 7) to base 4.
13010
-118 (base 16) to base 10
-280
Convert -1572 (base 12) to base 13.
-11cc
Convert c09 (base 14) to base 3.
10020110
What is -10100000110000 (base 2) in base 9?
-15101
Convert 1279 (base 11) to base 2.
11001111011
24 (base 9) to base 8
26
What is 2311 (base 6) in base 8?
1043
What is 1101010111 (base 2) in base 4?
31113
What is 4254 (base 8) in base 9?
3036
-27424 (base 10) to base 8
-65440
Convert 10113 (base 4) to base 13.
186
What is 1452 (base 6) in base 16?
188
Convert -13312 (base 6) to base 11.
-1603
-11173 (base 10) to base 7
-44401
What is -426 (base 7) in base 15?
-e6
Convert 12302 (base 4) to base 16.
1b2
What is -5328 (b